{"id":88,"date":"2011-07-31T16:00:49","date_gmt":"2011-07-31T16:00:49","guid":{"rendered":"http:\/\/www.28ppp.de\/stefanie-neumeier\/?page_id=88"},"modified":"2011-07-31T16:00:49","modified_gmt":"2011-07-31T16:00:49","slug":"das-ppp","status":"publish","type":"page","link":"https:\/\/www.28ppp.de\/stefanie-neumeier\/das-ppp\/","title":{"rendered":"Das PPP"},"content":{"rendered":"<div>\n<h1>Junge Botschafter aus Deutschland in die USA<\/h1>\n<p>Das Besondere am PPP ist: Parlamentarier betreuen jeweils einen Stipendiaten als &#8222;Patenkind&#8220; w\u00e4hrend des Austauschjahres. F\u00fcr junge Berufst\u00e4tige sieht das Programm den Unterricht an einem College und ein Praktikum in einem amerikanischen Unternehmen vor.<\/p><\/div>\n<div>\n<h1>Das PPP: Mehr als eine Berufserfahrung in den USA<\/h1>\n<div>\n<p>Als vor 300 Jahren die ersten deutschen Auswanderer \u00fcber den Atlantik nach Nordamerika kamen, begann f\u00fcr beide Staaten ein neues Kapitel des internationalen Austauschs. Der 300. Jahrestag der Einwanderung war f\u00fcr den Deutschen Bundestag und den Kongress der Vereinigten Staaten von Amerika daher auch ein willkommener Anlass ein Programm ins Leben zu rufen, das diesen Austausch bereichert: das Parlamentarische Patenschafts-Programm &#8211; oder kurz PPP.<\/p>\n<p>Das PPP richtet sich sowohl an Sch\u00fclerinnen und Sch\u00fcler als auch insbesondere an junge Berufst\u00e4tige. Insgesamt 360 Stipendienpl\u00e4tze stehen bundesweit zur Verf\u00fcgung, davon 75 f\u00fcr junge Berufst\u00e4tige. Mitglieder des Deutschen Bundestages \u00fcbernehmen die Patenschaft \u00fcber jeweils eine Teilnehmerin oder einen Teilnehmer. Mit der Programmdurchf\u00fchrung f\u00fcr junge Berufst\u00e4tige beauftragte der Deutsche Bundestag die GIZ GmbH, Bonn.<\/p>\n<h1>Die Programmziele <strong>\u00a0<\/strong><\/h1>\n<ul>\n<li>Junge Menschen beider L\u00e4nder entwickeln ein fundiertes Verst\u00e4ndnis voneinander.<\/li>\n<li>Sie bauen gegenseitige Vorurteile und Klischees ab.<\/li>\n<li>Sie lernen gesellschaftliche, kulturelle und politische Gemeinsamkeiten und Unterschiede beider L\u00e4nder kennen und verstehen.<\/li>\n<li>Durch den Austausch werden zwischenmenschliche Beziehungen und Netzwerke gef\u00f6rdert.<\/li>\n<li>Die Pers\u00f6nlichkeit der Teilnehmenden wird gest\u00e4rkt.<\/li>\n<li>Die Teilnehmenden erweitern ihre Sprachkenntnisse.<\/li>\n<li>Die Teilnehmenden erweitern ihre berufspraktischen Erfahrungen und ihre internationale Arbeitserfahrung.<\/li>\n<\/ul>\n<p>\u00a0Die Zielsetzungen des Parlamentarischen Patenschafts-Programms f\u00fcr junge Berufst\u00e4tige dienen &#8211; neben der V\u00f6lkerverst\u00e4ndigung &#8211; somit vor allem der pers\u00f6nlichen Entwicklung der Teilnehmenden sowie ihrer interkulturellen Kompetenz und erst in zweiter Linie der beruflichen Weiterbildung.<\/p>\n<\/div>\n<\/div>\n","protected":false},"excerpt":{"rendered":"<p>Junge Botschafter aus Deutschland in die USA Das Besondere am PPP ist: Parlamentarier betreuen jeweils einen Stipendiaten als &#8222;Patenkind&#8220; w\u00e4hrend des Austauschjahres. F\u00fcr junge Berufst\u00e4tige sieht das Programm den Unterricht an einem College und ein Praktikum in einem amerikanischen Unternehmen vor. Das PPP: Mehr als eine Berufserfahrung in den USA Als vor 300 Jahren die [&hellip;]<\/p>\n","protected":false},"author":27,"featured_media":0,"parent":0,"menu_order":0,"comment_status":"open","ping_status":"open","template":"","meta":{"ngg_post_thumbnail":0,"footnotes":""},"class_list":["post-88","page","type-page","status-publish","hentry"],"_links":{"self":[{"href":"https:\/\/www.28ppp.de\/stefanie-neumeier\/wp-json\/wp\/v2\/pages\/88","targetHints":{"allow":["GET"]}}],"collection":[{"href":"https:\/\/www.28ppp.de\/stefanie-neumeier\/wp-json\/wp\/v2\/pages"}],"about":[{"href":"https:\/\/www.28ppp.de\/stefanie-neumeier\/wp-json\/wp\/v2\/types\/page"}],"author":[{"embeddable":true,"href":"https:\/\/www.28ppp.de\/stefanie-neumeier\/wp-json\/wp\/v2\/users\/27"}],"replies":[{"embeddable":true,"href":"https:\/\/www.28ppp.de\/stefanie-neumeier\/wp-json\/wp\/v2\/comments?post=88"}],"version-history":[{"count":2,"href":"https:\/\/www.28ppp.de\/stefanie-neumeier\/wp-json\/wp\/v2\/pages\/88\/revisions"}],"predecessor-version":[{"id":90,"href":"https:\/\/www.28ppp.de\/stefanie-neumeier\/wp-json\/wp\/v2\/pages\/88\/revisions\/90"}],"wp:attachment":[{"href":"https:\/\/www.28ppp.de\/stefanie-neumeier\/wp-json\/wp\/v2\/media?parent=88"}],"curies":[{"name":"wp","href":"https:\/\/api.w.org\/{rel}","templated":true}]}}